{"id":81,"date":"2025-10-09T18:03:09","date_gmt":"2025-10-09T18:03:09","guid":{"rendered":"https:\/\/goncalvesoliveira.com\/?page_id=81"},"modified":"2025-10-09T18:03:10","modified_gmt":"2025-10-09T18:03:10","slug":"isencao-de-responsabilidade","status":"publish","type":"page","link":"https:\/\/goncalvesoliveira.com\/?page_id=81","title":{"rendered":"Isen\u00e7\u00e3o de Responsabilidade"},"content":{"rendered":"\n<p>Os conte\u00fados deste site t\u00eam <strong>car\u00e1ter informativo e educativo<\/strong>.<br>N\u00e3o somos profissionais de sa\u00fade e <strong>n\u00e3o oferecemos diagn\u00f3sticos ou tratamentos m\u00e9dicos<\/strong>.<\/p>\n\n\n\n<p>Antes de iniciar o uso de qualquer suplemento ou produto indicado neste site, consulte um m\u00e9dico, nutricionista ou outro profissional habilitado.<\/p>\n\n\n\n<p>O blog <strong>Suplementos<\/strong> participa de <strong>programas de afiliados<\/strong> e pode receber comiss\u00f5es por compras realizadas atrav\u00e9s dos links. Isso nos ajuda a manter o site ativo, mas <strong>n\u00e3o influencia nossas opini\u00f5es ou recomenda\u00e7\u00f5es<\/strong>.<\/p>\n","protected":false},"excerpt":{"rendered":"<p>Os conte\u00fados deste site t\u00eam car\u00e1ter informativo e educativo.N\u00e3o somos profissionais de sa\u00fade e n\u00e3o oferecemos diagn\u00f3sticos ou tratamentos m\u00e9dicos. Antes de iniciar o uso de qualquer suplemento ou produto indicado neste site, consulte um m\u00e9dico, nutricionista ou outro profissional habilitado. O blog Suplementos participa de programas de afiliados e pode receber comiss\u00f5es por compras realizadas atrav\u00e9s dos links. Isso nos ajuda a manter o site ativo, mas n\u00e3o influencia nossas opini\u00f5es ou recomenda\u00e7\u00f5es.<\/p>\n","protected":false},"author":1,"featured_media":0,"parent":0,"menu_order":0,"comment_status":"closed","ping_status":"closed","template":"","meta":{"footnotes":""},"class_list":["post-81","page","type-page","status-publish","hentry"],"yoast_head":"<!-- This site is optimized with the Yoast SEO plugin v26.2 - https:\/\/yoast.com\/wordpress\/plugins\/seo\/ -->\n<title>Isen\u00e7\u00e3o de Responsabilidade - Suplementos<\/title>\n<meta name=\"robots\" content=\"index, follow, max-snippet:-1, max-image-preview:large, max-video-preview:-1\" \/>\n<link rel=\"canonical\" href=\"https:\/\/goncalvesoliveira.com\/?page_id=81\" \/>\n<meta property=\"og:locale\" content=\"pt_BR\" \/>\n<meta property=\"og:type\" content=\"article\" \/>\n<meta property=\"og:title\" content=\"Isen\u00e7\u00e3o de Responsabilidade - Suplementos\" \/>\n<meta property=\"og:description\" content=\"Os conte\u00fados deste site t\u00eam car\u00e1ter informativo e educativo.N\u00e3o somos profissionais de sa\u00fade e n\u00e3o oferecemos diagn\u00f3sticos ou tratamentos m\u00e9dicos. Antes de iniciar o uso de qualquer suplemento ou produto indicado neste site, consulte um m\u00e9dico, nutricionista ou outro profissional habilitado. O blog Suplementos participa de programas de afiliados e pode receber comiss\u00f5es por compras realizadas atrav\u00e9s dos links. Isso nos ajuda a manter o site ativo, mas n\u00e3o influencia nossas opini\u00f5es ou recomenda\u00e7\u00f5es.\" \/>\n<meta property=\"og:url\" content=\"https:\/\/goncalvesoliveira.com\/?page_id=81\" \/>\n<meta property=\"og:site_name\" content=\"Suplementos\" \/>\n<meta property=\"article:modified_time\" content=\"2025-10-09T18:03:10+00:00\" \/>\n<meta name=\"twitter:card\" content=\"summary_large_image\" \/>\n<script type=\"application\/ld+json\" class=\"yoast-schema-graph\">{\"@context\":\"https:\/\/schema.org\",\"@graph\":[{\"@type\":\"WebPage\",\"@id\":\"https:\/\/goncalvesoliveira.com\/?page_id=81\",\"url\":\"https:\/\/goncalvesoliveira.com\/?page_id=81\",\"name\":\"Isen\u00e7\u00e3o de Responsabilidade - Suplementos\",\"isPartOf\":{\"@id\":\"https:\/\/goncalvesoliveira.com\/#website\"},\"datePublished\":\"2025-10-09T18:03:09+00:00\",\"dateModified\":\"2025-10-09T18:03:10+00:00\",\"breadcrumb\":{\"@id\":\"https:\/\/goncalvesoliveira.com\/?page_id=81#breadcrumb\"},\"inLanguage\":\"pt-BR\",\"potentialAction\":[{\"@type\":\"ReadAction\",\"target\":[\"https:\/\/goncalvesoliveira.com\/?page_id=81\"]}]},{\"@type\":\"BreadcrumbList\",\"@id\":\"https:\/\/goncalvesoliveira.com\/?page_id=81#breadcrumb\",\"itemListElement\":[{\"@type\":\"ListItem\",\"position\":1,\"name\":\"In\u00edcio\",\"item\":\"https:\/\/goncalvesoliveira.com\/\"},{\"@type\":\"ListItem\",\"position\":2,\"name\":\"Isen\u00e7\u00e3o de Responsabilidade\"}]},{\"@type\":\"WebSite\",\"@id\":\"https:\/\/goncalvesoliveira.com\/#website\",\"url\":\"https:\/\/goncalvesoliveira.com\/\",\"name\":\"Suplementos\",\"description\":\"O refor\u00e7o di\u00e1rio que seu corpo precisa para manter energia, equil\u00edbrio e bem-estar!\",\"publisher\":{\"@id\":\"https:\/\/goncalvesoliveira.com\/#organization\"},\"potentialAction\":[{\"@type\":\"SearchAction\",\"target\":{\"@type\":\"EntryPoint\",\"urlTemplate\":\"https:\/\/goncalvesoliveira.com\/?s={search_term_string}\"},\"query-input\":{\"@type\":\"PropertyValueSpecification\",\"valueRequired\":true,\"valueName\":\"search_term_string\"}}],\"inLanguage\":\"pt-BR\"},{\"@type\":\"Organization\",\"@id\":\"https:\/\/goncalvesoliveira.com\/#organization\",\"name\":\"Suplementos\",\"url\":\"https:\/\/goncalvesoliveira.com\/\",\"logo\":{\"@type\":\"ImageObject\",\"inLanguage\":\"pt-BR\",\"@id\":\"https:\/\/goncalvesoliveira.com\/#\/schema\/logo\/image\/\",\"url\":\"https:\/\/goncalvesoliveira.com\/wp-content\/uploads\/2025\/10\/logotipo.jpeg\",\"contentUrl\":\"https:\/\/goncalvesoliveira.com\/wp-content\/uploads\/2025\/10\/logotipo.jpeg\",\"width\":500,\"height\":500,\"caption\":\"Suplementos\"},\"image\":{\"@id\":\"https:\/\/goncalvesoliveira.com\/#\/schema\/logo\/image\/\"}}]}<\/script>\n<!-- \/ Yoast SEO plugin. -->","yoast_head_json":{"title":"Isen\u00e7\u00e3o de Responsabilidade - Suplementos","robots":{"index":"index","follow":"follow","max-snippet":"max-snippet:-1","max-image-preview":"max-image-preview:large","max-video-preview":"max-video-preview:-1"},"canonical":"https:\/\/goncalvesoliveira.com\/?page_id=81","og_locale":"pt_BR","og_type":"article","og_title":"Isen\u00e7\u00e3o de Responsabilidade - Suplementos","og_description":"Os conte\u00fados deste site t\u00eam car\u00e1ter informativo e educativo.N\u00e3o somos profissionais de sa\u00fade e n\u00e3o oferecemos diagn\u00f3sticos ou tratamentos m\u00e9dicos. Antes de iniciar o uso de qualquer suplemento ou produto indicado neste site, consulte um m\u00e9dico, nutricionista ou outro profissional habilitado. O blog Suplementos participa de programas de afiliados e pode receber comiss\u00f5es por compras realizadas atrav\u00e9s dos links. Isso nos ajuda a manter o site ativo, mas n\u00e3o influencia nossas opini\u00f5es ou recomenda\u00e7\u00f5es.","og_url":"https:\/\/goncalvesoliveira.com\/?page_id=81","og_site_name":"Suplementos","article_modified_time":"2025-10-09T18:03:10+00:00","twitter_card":"summary_large_image","schema":{"@context":"https:\/\/schema.org","@graph":[{"@type":"WebPage","@id":"https:\/\/goncalvesoliveira.com\/?page_id=81","url":"https:\/\/goncalvesoliveira.com\/?page_id=81","name":"Isen\u00e7\u00e3o de Responsabilidade - Suplementos","isPartOf":{"@id":"https:\/\/goncalvesoliveira.com\/#website"},"datePublished":"2025-10-09T18:03:09+00:00","dateModified":"2025-10-09T18:03:10+00:00","breadcrumb":{"@id":"https:\/\/goncalvesoliveira.com\/?page_id=81#breadcrumb"},"inLanguage":"pt-BR","potentialAction":[{"@type":"ReadAction","target":["https:\/\/goncalvesoliveira.com\/?page_id=81"]}]},{"@type":"BreadcrumbList","@id":"https:\/\/goncalvesoliveira.com\/?page_id=81#breadcrumb","itemListElement":[{"@type":"ListItem","position":1,"name":"In\u00edcio","item":"https:\/\/goncalvesoliveira.com\/"},{"@type":"ListItem","position":2,"name":"Isen\u00e7\u00e3o de Responsabilidade"}]},{"@type":"WebSite","@id":"https:\/\/goncalvesoliveira.com\/#website","url":"https:\/\/goncalvesoliveira.com\/","name":"Suplementos","description":"O refor\u00e7o di\u00e1rio que seu corpo precisa para manter energia, equil\u00edbrio e bem-estar!","publisher":{"@id":"https:\/\/goncalvesoliveira.com\/#organization"},"potentialAction":[{"@type":"SearchAction","target":{"@type":"EntryPoint","urlTemplate":"https:\/\/goncalvesoliveira.com\/?s={search_term_string}"},"query-input":{"@type":"PropertyValueSpecification","valueRequired":true,"valueName":"search_term_string"}}],"inLanguage":"pt-BR"},{"@type":"Organization","@id":"https:\/\/goncalvesoliveira.com\/#organization","name":"Suplementos","url":"https:\/\/goncalvesoliveira.com\/","logo":{"@type":"ImageObject","inLanguage":"pt-BR","@id":"https:\/\/goncalvesoliveira.com\/#\/schema\/logo\/image\/","url":"https:\/\/goncalvesoliveira.com\/wp-content\/uploads\/2025\/10\/logotipo.jpeg","contentUrl":"https:\/\/goncalvesoliveira.com\/wp-content\/uploads\/2025\/10\/logotipo.jpeg","width":500,"height":500,"caption":"Suplementos"},"image":{"@id":"https:\/\/goncalvesoliveira.com\/#\/schema\/logo\/image\/"}}]}},"_hostinger_reach_plugin_has_subscription_block":false,"_hostinger_reach_plugin_is_elementor":false,"_links":{"self":[{"href":"https:\/\/goncalvesoliveira.com\/index.php?rest_route=\/wp\/v2\/pages\/81","targetHints":{"allow":["GET"]}}],"collection":[{"href":"https:\/\/goncalvesoliveira.com\/index.php?rest_route=\/wp\/v2\/pages"}],"about":[{"href":"https:\/\/goncalvesoliveira.com\/index.php?rest_route=\/wp\/v2\/types\/page"}],"author":[{"embeddable":true,"href":"https:\/\/goncalvesoliveira.com\/index.php?rest_route=\/wp\/v2\/users\/1"}],"replies":[{"embeddable":true,"href":"https:\/\/goncalvesoliveira.com\/index.php?rest_route=%2Fwp%2Fv2%2Fcomments&post=81"}],"version-history":[{"count":1,"href":"https:\/\/goncalvesoliveira.com\/index.php?rest_route=\/wp\/v2\/pages\/81\/revisions"}],"predecessor-version":[{"id":82,"href":"https:\/\/goncalvesoliveira.com\/index.php?rest_route=\/wp\/v2\/pages\/81\/revisions\/82"}],"wp:attachment":[{"href":"https:\/\/goncalvesoliveira.com\/index.php?rest_route=%2Fwp%2Fv2%2Fmedia&parent=81"}],"curies":[{"name":"wp","href":"https:\/\/api.w.org\/{rel}","templated":true}]}}